{"id":1007,"date":"2024-02-02T14:52:34","date_gmt":"2024-02-02T20:52:34","guid":{"rendered":"https:\/\/industriasegura.com\/tienda\/?post_type=product&#038;p=1007"},"modified":"2025-04-07T14:33:59","modified_gmt":"2025-04-07T20:33:59","slug":"equipo-de-respiracion-autonoma-60-kit","status":"publish","type":"product","link":"https:\/\/industriasegura.com\/tienda\/producto\/equipo-de-respiracion-autonoma-60-kit\/","title":{"rendered":"Equipo De Respiraci\u00f3n Aut\u00f3noma 60 (kit)"},"content":{"rendered":"","protected":false},"excerpt":{"rendered":"<p>El equipo de respiraci\u00f3n aut\u00f3noma Phant\u00f6m de SK\u00d6LD cuenta con cilindro de fibra de carb\u00f3n con capacidades de 60 min (4500 PSI) y 30 min (2216 PSI) y una opci\u00f3n de 2 cilindros de 60 min (4500 PSI) en un solo backpack, dando la mayor cantidad de tiempo para realizar un trabajo en una atm\u00f3sfera peligrosa. Phant\u00f6m es el equipo ideal para los requerimientos tanto industriales como de combate contra fuego, dando al trabajador mayor confort en protecci\u00f3n respiratoria m\u00e1xima contra ambientes extremos (atm\u00f3sferas IDLH). Phant\u00f6m es un equipo que cumple certificaci\u00f3n de ataque a fuego y trabajos industriales, fabricado acorde la certificaci\u00f3n europea \u2013 equivalente a NFPA 1997 y con certificaci\u00f3n CE<\/p>\n<p>Certificaci\u00f3n<br \/>\nEquivalente NFPA 1997<br \/>\nCE EN 137 : 2006.<\/p>\n","protected":false},"featured_media":1009,"comment_status":"open","ping_status":"closed","template":"","meta":[],"product_brand":[],"product_cat":[12,14],"product_tag":[],"class_list":{"0":"post-1007","1":"product","2":"type-product","3":"status-publish","4":"has-post-thumbnail","6":"product_cat-contra-incendio","7":"product_cat-proteccion-respiratoria","8":"clearfix","10":"first","11":"instock","12":"sale","13":"taxable","14":"shipping-taxable","15":"purchasable","16":"product-type-simple"},"aioseo_notices":[],"_links":{"self":[{"href":"https:\/\/industriasegura.com\/tienda\/wp-json\/wp\/v2\/product\/1007","targetHints":{"allow":["GET"]}}],"collection":[{"href":"https:\/\/industriasegura.com\/tienda\/wp-json\/wp\/v2\/product"}],"about":[{"href":"https:\/\/industriasegura.com\/tienda\/wp-json\/wp\/v2\/types\/product"}],"replies":[{"embeddable":true,"href":"https:\/\/industriasegura.com\/tienda\/wp-json\/wp\/v2\/comments?post=1007"}],"wp:featuredmedia":[{"embeddable":true,"href":"https:\/\/industriasegura.com\/tienda\/wp-json\/wp\/v2\/media\/1009"}],"wp:attachment":[{"href":"https:\/\/industriasegura.com\/tienda\/wp-json\/wp\/v2\/media?parent=1007"}],"wp:term":[{"taxonomy":"product_brand","embeddable":true,"href":"https:\/\/industriasegura.com\/tienda\/wp-json\/wp\/v2\/product_brand?post=1007"},{"taxonomy":"product_cat","embeddable":true,"href":"https:\/\/industriasegura.com\/tienda\/wp-json\/wp\/v2\/product_cat?post=1007"},{"taxonomy":"product_tag","embeddable":true,"href":"https:\/\/industriasegura.com\/tienda\/wp-json\/wp\/v2\/product_tag?post=1007"}],"curies":[{"name":"wp","href":"https:\/\/api.w.org\/{rel}","templated":true}]}}