{"id":1258,"date":"2024-02-12T11:34:16","date_gmt":"2024-02-12T17:34:16","guid":{"rendered":"https:\/\/industriasegura.com\/tienda\/?post_type=product&#038;p=1258"},"modified":"2024-03-25T15:22:10","modified_gmt":"2024-03-25T21:22:10","slug":"respirador-ap-z6v-12-piezas","status":"publish","type":"product","link":"https:\/\/industriasegura.com\/tienda\/producto\/respirador-ap-z6v-12-piezas\/","title":{"rendered":"Respirador AP Z6V (12 piezas)"},"content":{"rendered":"","protected":false},"excerpt":{"rendered":"<p>Respirador purificador de aire que contiene medio filtrante electrost\u00e1tico de alta tecnolog\u00eda dise\u00f1ado para retener part\u00edculas y neblinas s\u00f3lidas libres de aceite.<br \/>\nCompletamente ergon\u00f3mico, resistente a la flama, clip nasal de aluminio con recubrimiento pl\u00e1stico, acojinamiento interno y esponja en el puente nasal para mayor ajuste y confort. N95<\/p>\n","protected":false},"featured_media":1257,"comment_status":"open","ping_status":"closed","template":"","meta":[],"product_brand":[],"product_cat":[14],"product_tag":[],"class_list":{"0":"post-1258","1":"product","2":"type-product","3":"status-publish","4":"has-post-thumbnail","6":"product_cat-proteccion-respiratoria","7":"clearfix","9":"first","10":"instock","11":"taxable","12":"shipping-taxable","13":"purchasable","14":"product-type-simple"},"aioseo_notices":[],"_links":{"self":[{"href":"https:\/\/industriasegura.com\/tienda\/wp-json\/wp\/v2\/product\/1258","targetHints":{"allow":["GET"]}}],"collection":[{"href":"https:\/\/industriasegura.com\/tienda\/wp-json\/wp\/v2\/product"}],"about":[{"href":"https:\/\/industriasegura.com\/tienda\/wp-json\/wp\/v2\/types\/product"}],"replies":[{"embeddable":true,"href":"https:\/\/industriasegura.com\/tienda\/wp-json\/wp\/v2\/comments?post=1258"}],"wp:featuredmedia":[{"embeddable":true,"href":"https:\/\/industriasegura.com\/tienda\/wp-json\/wp\/v2\/media\/1257"}],"wp:attachment":[{"href":"https:\/\/industriasegura.com\/tienda\/wp-json\/wp\/v2\/media?parent=1258"}],"wp:term":[{"taxonomy":"product_brand","embeddable":true,"href":"https:\/\/industriasegura.com\/tienda\/wp-json\/wp\/v2\/product_brand?post=1258"},{"taxonomy":"product_cat","embeddable":true,"href":"https:\/\/industriasegura.com\/tienda\/wp-json\/wp\/v2\/product_cat?post=1258"},{"taxonomy":"product_tag","embeddable":true,"href":"https:\/\/industriasegura.com\/tienda\/wp-json\/wp\/v2\/product_tag?post=1258"}],"curies":[{"name":"wp","href":"https:\/\/api.w.org\/{rel}","templated":true}]}}