{"id":1381,"date":"2024-02-12T18:14:39","date_gmt":"2024-02-13T00:14:39","guid":{"rendered":"https:\/\/industriasegura.com\/tienda\/?post_type=product&#038;p=1381"},"modified":"2024-02-13T09:58:10","modified_gmt":"2024-02-13T15:58:10","slug":"mangas-de-rayon-aluminizadas-par","status":"publish","type":"product","link":"https:\/\/industriasegura.com\/tienda\/producto\/mangas-de-rayon-aluminizadas-par\/","title":{"rendered":"Mangas  de Rayon Aluminizadas (par)"},"content":{"rendered":"","protected":false},"excerpt":{"rendered":"<p>Mangas de ray\u00f3n aluminizado dise\u00f1adas para ser usadas en ambientes industriales con temperaturas altas.<br \/>\nMateriales<br \/>\nRay\u00f3n aluminizado en el dorso. Atadura de canaza gris curtida al cromo. Bies de algod\u00f3n en la abertura del hombro. Hilo de algod\u00f3n utilizado en las costuras.<br \/>\nPropiedades del Ray\u00f3n Aluminizado<br \/>\nGentex DUAL MIRROR 1006 Peso por \u00e1rea: 15.0 oz\/yd2 Espesor: 0.025 pulgadas Resistencia a Tension: 220 lbs urdimbre; 150 lbs trama Resistencia a Desgarre: 15 lbs urdimbre; 15 lbs trama. Resistencia a Llama: 2.0 seg Reflectividad Radiante: 20 seg<\/p>\n","protected":false},"featured_media":1374,"comment_status":"open","ping_status":"closed","template":"","meta":[],"product_brand":[],"product_cat":[52,15],"product_tag":[],"class_list":{"0":"post-1381","1":"product","2":"type-product","3":"status-publish","4":"has-post-thumbnail","6":"product_cat-aluminizado","7":"product_cat-petos","8":"clearfix","10":"first","11":"instock","12":"taxable","13":"shipping-taxable","14":"purchasable","15":"product-type-simple"},"aioseo_notices":[],"_links":{"self":[{"href":"https:\/\/industriasegura.com\/tienda\/wp-json\/wp\/v2\/product\/1381","targetHints":{"allow":["GET"]}}],"collection":[{"href":"https:\/\/industriasegura.com\/tienda\/wp-json\/wp\/v2\/product"}],"about":[{"href":"https:\/\/industriasegura.com\/tienda\/wp-json\/wp\/v2\/types\/product"}],"replies":[{"embeddable":true,"href":"https:\/\/industriasegura.com\/tienda\/wp-json\/wp\/v2\/comments?post=1381"}],"wp:featuredmedia":[{"embeddable":true,"href":"https:\/\/industriasegura.com\/tienda\/wp-json\/wp\/v2\/media\/1374"}],"wp:attachment":[{"href":"https:\/\/industriasegura.com\/tienda\/wp-json\/wp\/v2\/media?parent=1381"}],"wp:term":[{"taxonomy":"product_brand","embeddable":true,"href":"https:\/\/industriasegura.com\/tienda\/wp-json\/wp\/v2\/product_brand?post=1381"},{"taxonomy":"product_cat","embeddable":true,"href":"https:\/\/industriasegura.com\/tienda\/wp-json\/wp\/v2\/product_cat?post=1381"},{"taxonomy":"product_tag","embeddable":true,"href":"https:\/\/industriasegura.com\/tienda\/wp-json\/wp\/v2\/product_tag?post=1381"}],"curies":[{"name":"wp","href":"https:\/\/api.w.org\/{rel}","templated":true}]}}