{"id":1546,"date":"2024-02-15T12:09:59","date_gmt":"2024-02-15T18:09:59","guid":{"rendered":"https:\/\/industriasegura.com\/tienda\/?post_type=product&#038;p=1546"},"modified":"2024-11-01T17:04:28","modified_gmt":"2024-11-01T23:04:28","slug":"cadena-plastica-amarilla-6mm-con-50-mts","status":"publish","type":"product","link":"https:\/\/industriasegura.com\/tienda\/producto\/cadena-plastica-amarilla-6mm-con-50-mts\/","title":{"rendered":"Cadena plastica amarilla 6mm con 50 mts"},"content":{"rendered":"","protected":false},"excerpt":{"rendered":"<p>Fabricada con materiales de alta resistencia, lo que permite ser utilizada en la intemperie, soportando los rayos solares, as\u00ed como los cambios t\u00e9rmicos. Es lavable 100% lo que incrementa su tiempo de vida \u00fatil. Esta cadena se puede utilizar como gu\u00eda, como protecci\u00f3n de zonas peatonales o para delimitar ciertas \u00e1reas.<\/p>\n","protected":false},"featured_media":1547,"comment_status":"open","ping_status":"closed","template":"","meta":[],"product_brand":[],"product_cat":[11],"product_tag":[],"class_list":{"0":"post-1546","1":"product","2":"type-product","3":"status-publish","4":"has-post-thumbnail","6":"product_cat-senalizacion","7":"clearfix","9":"first","10":"instock","11":"taxable","12":"shipping-taxable","13":"purchasable","14":"product-type-simple"},"aioseo_notices":[],"_links":{"self":[{"href":"https:\/\/industriasegura.com\/tienda\/wp-json\/wp\/v2\/product\/1546","targetHints":{"allow":["GET"]}}],"collection":[{"href":"https:\/\/industriasegura.com\/tienda\/wp-json\/wp\/v2\/product"}],"about":[{"href":"https:\/\/industriasegura.com\/tienda\/wp-json\/wp\/v2\/types\/product"}],"replies":[{"embeddable":true,"href":"https:\/\/industriasegura.com\/tienda\/wp-json\/wp\/v2\/comments?post=1546"}],"wp:featuredmedia":[{"embeddable":true,"href":"https:\/\/industriasegura.com\/tienda\/wp-json\/wp\/v2\/media\/1547"}],"wp:attachment":[{"href":"https:\/\/industriasegura.com\/tienda\/wp-json\/wp\/v2\/media?parent=1546"}],"wp:term":[{"taxonomy":"product_brand","embeddable":true,"href":"https:\/\/industriasegura.com\/tienda\/wp-json\/wp\/v2\/product_brand?post=1546"},{"taxonomy":"product_cat","embeddable":true,"href":"https:\/\/industriasegura.com\/tienda\/wp-json\/wp\/v2\/product_cat?post=1546"},{"taxonomy":"product_tag","embeddable":true,"href":"https:\/\/industriasegura.com\/tienda\/wp-json\/wp\/v2\/product_tag?post=1546"}],"curies":[{"name":"wp","href":"https:\/\/api.w.org\/{rel}","templated":true}]}}