{"id":231,"date":"2017-02-24T12:32:30","date_gmt":"2017-02-24T18:32:30","guid":{"rendered":"https:\/\/industriasegura.com\/tienda\/producto\/tapon-lc-soft\/"},"modified":"2024-10-28T10:18:32","modified_gmt":"2024-10-28T16:18:32","slug":"tapon-reusable","status":"publish","type":"product","link":"https:\/\/industriasegura.com\/tienda\/producto\/tapon-reusable\/","title":{"rendered":"Tapon auditivo reausable 26dB"},"content":{"rendered":"","protected":false},"excerpt":{"rendered":"<p>Tap\u00f3n reusable con cord\u00f3n trenzado para mayor comodidad, presentaci\u00f3n individual en bolsa con cierre para su mejor resguardo; suave y de buen ajuste al contacto con el canal auditivo, provee un sello herm\u00e9tico.<\/p>\n","protected":false},"featured_media":1020,"comment_status":"open","ping_status":"closed","template":"","meta":[],"product_brand":[],"product_cat":[6,53],"product_tag":[],"class_list":{"0":"post-231","1":"product","2":"type-product","3":"status-publish","4":"has-post-thumbnail","6":"product_cat-proteccion-cara","7":"product_cat-top-ventas","8":"clearfix","10":"first","11":"instock","12":"taxable","13":"shipping-taxable","14":"purchasable","15":"product-type-simple"},"aioseo_notices":[],"_links":{"self":[{"href":"https:\/\/industriasegura.com\/tienda\/wp-json\/wp\/v2\/product\/231","targetHints":{"allow":["GET"]}}],"collection":[{"href":"https:\/\/industriasegura.com\/tienda\/wp-json\/wp\/v2\/product"}],"about":[{"href":"https:\/\/industriasegura.com\/tienda\/wp-json\/wp\/v2\/types\/product"}],"replies":[{"embeddable":true,"href":"https:\/\/industriasegura.com\/tienda\/wp-json\/wp\/v2\/comments?post=231"}],"wp:featuredmedia":[{"embeddable":true,"href":"https:\/\/industriasegura.com\/tienda\/wp-json\/wp\/v2\/media\/1020"}],"wp:attachment":[{"href":"https:\/\/industriasegura.com\/tienda\/wp-json\/wp\/v2\/media?parent=231"}],"wp:term":[{"taxonomy":"product_brand","embeddable":true,"href":"https:\/\/industriasegura.com\/tienda\/wp-json\/wp\/v2\/product_brand?post=231"},{"taxonomy":"product_cat","embeddable":true,"href":"https:\/\/industriasegura.com\/tienda\/wp-json\/wp\/v2\/product_cat?post=231"},{"taxonomy":"product_tag","embeddable":true,"href":"https:\/\/industriasegura.com\/tienda\/wp-json\/wp\/v2\/product_tag?post=231"}],"curies":[{"name":"wp","href":"https:\/\/api.w.org\/{rel}","templated":true}]}}